 x) is divided by 6?
3
Let f(h) = -341*h - 6601. Calculate the remainder when 571 is divided by f(-20).
133
Suppose 80*g + 1790 = 82*g + 2*h, 2*g - 1778 = -6*h. Calculate the remainder when g is divided by 165.
73
Suppose w - 2*l = -4*w + 10, -4 = -2*w - 4*l. Suppose b + w = -5*p + 6, -7 = 3*b - 4*p. What is the remainder when -2 + (-105)/(b - 0) is divided by 26?
25
Let r(p) = p**3 + 44*p**2 + 228*p + 14. Calculate the remainder when 301 is divided by r(-38).
7
Let u = 205 - -23. Suppose 258 + u = 18*i. Suppose 0 = -5*v + 20, 2*o = -2*o + 5*v + 184. Calculate the remainder when o is divided by i.
24
Suppose -3*k - 14171 = -4*p, 25*p - 24*p = 5*k + 3547. Calculate the remainder when p is divided by 8.
6
Let a = 874 + -464. Calculate the remainder when a is divided by 126.
32
Suppose r - 45 + 12 = -3*a, -r = -5*a + 55. Suppose 6*p - 175 = -259. What is the remainder when 10 is divided by 2/(24/p - (-13 + a))?
3
Let m = 12 + 13. Let r(l) = -l**2 - 32*l + 33. What is the remainder when r(-29) is divided by m?
20
Let g(p) = -p**3 - 3*p**2 + 8*p - 7. Let n be g(-5). Suppose 32 + 70 = k - 5*b, -n*k + 241 = -2*b. Calculate the remainder when k is divided by 27.
23
Let o(f) = -f**2 + 13*f - 13. Let w be o(13). Let t = w + -10. Let v = -10 - t. What is the remainder when 22 is divided by v?
9
Let z be 495/30*6/9. Let w(m) = m**3 + 7*m**2 - 4*m - 9. Let u be w(-6). Suppose 0 = -4*h + u - z. What is the remainder when 38 is divided by h?
8
Let u(r) = 9*r + 3. Suppose -9*c = -27 - 9. What is the remainder when u(c) is divided by 17?
5
Let d = 138 - 132. Let x(m) = -m**2 + 4*m + 1. Calculate the remainder when 1 - d/(-24)*0 is divided by x(4).
0
Let j be (-3568)/(-56) + (-4)/(-14). Let k(u) = 2*u + j*u**2 + 4 + 3*u - 63*u**2. Calculate the remainder when 15 is divided by k(-6).
5
What is the remainder when -5 - (38 - 3)*17/(-85) - -208 is divided by 10?
0
Let t(v) = -v + 3. Let s be t(-6). What is the remainder when 973/14 + -1 + s/6 is divided by 20?
10
Let k = -1966 - -1988. What is the remainder when k is divided by 12?
10
Let m be ((-1)/(-2)*34)/(3/3). Suppose -m*f - 18 = -18*f. What is the remainder when 84 is divided by f?
12
Calculate the remainder when 2942 is divided by 7 + (9 - 7) + (3 - (-2)/(-1)).
2
Let u(a) = -151*a - 1648. Calculate the remainder when 609 is divided by u(-11).
11
Let t = 120 + -116. Suppose -5*b + 39 + 93 = -t*a, b = -a + 30. What is the remainder when 79 is divided by b?
23
Let q = -23966 - -24086. Calculate the remainder when q is divided by 108.
12
Let j = -227 + 308. Let l = j - 56. What is the remainder when 49 is divided by l?
24
Let u = 2916 - 2419. Calculate the remainder when u is divided by 61.
9
Let i(x) = -3*x + 6. Let d be i(4). What is the remainder when (112/(-12))/7*28470/(-584) is divided by (3/d)/((-1)/34)?
14
Let d = 2533 - 2312. What is the remainder when d is divided by 21?
11
Suppose 343 = r + 285. Let c = r + -45. What is the remainder when 37 is divided by c?
11
Suppose -j - 2836 = -5*c, -2*c - 2*j + 1129 = 3*j. Suppose 6*r - c = 369. Calculate the remainder when r is divided by 40.
36
Suppose -298*n - 18844 = 297*n - 53949. Suppose v - 3*v = 0. Suppose v = -3*b + 30 - 0. What is the remainder when n is divided by b?
9
Let a = -7416 - -7498. Calculate the remainder when 239 is divided by a.
75
Let v(w) be the first derivative of w**3/3 - 2*w**2 + 15*w - 34. What is the remainder when v(4) is divided by 4?
3
Let d = 141 - -932. What is the remainder when d is divided by 49?
44
Suppose -24*q + 25 = l - 21*q, -5*q = 15. Calculate the remainder when 4113 is divided by l.
33
Suppose -r + 0*k + 9 = 3*k, -2*r - 4*k = -14. Let q = -3893 + 3912. Calculate the remainder when q is divided by r.
1
Calculate the remainder when 317 is divided by (-4)/((-518)/168 + 3).
29
Let v(q) = -132*q + 1765. Calculate the remainder when v(3) is divided by 49.
46
Suppose 4*k - v = 2*v + 11, 1 = 3*k + 5*v. Suppose -40 = -l + k. Calculate the remainder when 165 is divided by l.
39
Let n = -2551 + 3261. Calculate the remainder when n is divided by 9.
8
Let x(s) = -202*s - 2818. What is the remainder when 2229 is divided by x(-14)?
9
Suppose -252 = 58*r + 56*r - 118*r. Calculate the remainder when 620 is divided by r.
53
Let l(o) = 19*o - 1536. What is the remainder when 871 is divided by l(82)?
13
Suppose -176 = -536*a + 492*a. What is the remainder when 78 is divided by a?
2
Let c = 62 + -51. Suppose 517 = -11*v + c. Let y = 72 + v. What is the remainder when 128 is divided by y?
24
Suppose 0 = -2*p - 3*f + 107, 0 = -3*p + 2*p + 4*f + 48. Calculate the remainder when 250 is divided by p.
42
Suppose -99*w - 4247 + 908 = -120*w. Calculate the remainder when 218 is divided by w.
59
Suppose -p + 1 = 0, -3*i + 36*p + 532 = 31*p. Let z = -12 + i. Let k = 24 + 4. What is the remainder when z is divided by k?
27
Let x(j) = 6*j**2 + 49*j + 294. What is the remainder when x(-6) is divided by 78?
60
Suppose -d = 2*i - 6*i - 6, 0 = 4*d + 5*i - 66. Calculate the remainder when ((304 - 1)/(215 - 214))/(1*3) is divided by d.
3
Suppose -4*a - 5*l = -106, 5*l = 67*a - 70*a + 77. Suppose 57 = 5*z - 23. Let h = z - 10. What is the remainder when a is divided by h?
5
Let o = 7768 + -1670. Calculate the remainder when o is divided by 61.
59
Let v(b) = b**2 + 19*b + 48. Let d be v(-16). Suppose -11*t + 24*t - 2548 = d. What is the remainder when t is divided by 33?
31
What is the remainder when 375 is divided by -1*1*(-100 + -127)?
148
Suppose -4*b + 19 - 11 = 0. Suppose 4*v = 4*a - 472, -2*v - b*v = -5*a + 593. Calculate the remainder when a is divided by 25.
21
Calculate the remainder when (-8 + 190/25)/((-1)/995 - 0) is divided by 79.
3
What is the remainder when 4235 is divided by (-148)/(-333)*9/2*66?
11
Suppose 3*s + 2*h - 8 - 6 = 0, 0 = 4*h - 4. Let z(f) = 4*f**3 - 9*f**3 - f + f**2 + 13*f**3 - s + f**2. Calculate the remainder when z(2) is divided by 23.
20
Let z be 66*((-33)/(-27)*-3 - -5). Suppose 5*j - 84 = 2*g + z, -3*g - 37 = -j. Calculate the remainder when j is divided by 8.
2
Suppose 7*w - 399 = -154. Suppose 2*m - 539 = -s, -3*s = 3*m + 2*s - 819. Let a = 441 - m. What is the remainder when a is divided by w?
33
Suppose -7*q - 137 = 10. Calculate the remainder when (69/q - -5)*(49 + 0) is divided by 19.
8
Let i = 3852 - 3410. Calculate the remainder when i is divided by 11.
2
Let u(t) = t + 1. Let m(r) = r**3 - 17*r**2 + 15*r + 19. Let w be m(16). Let z be u(w). Let l = 11 + z. What is the remainder when 58 is divided by l?
13
Let b(i) = 5*i + 27. Let f be (8/2)/(6/3). Let l(z) = z**3 + z + 1. Let u be l(f). Calculate the remainder when b(u) is divided by 17.
14
Let n(j) = 5*j - 13. Let m be n(3). Suppose 4*q - 44 - 74 = -m*y, 256 = 4*y + 4*q. Calculate the remainder when y is divided by 18.
15
Suppose -4*i + 460 = 3*h, 14*i = -2*h + 9*i + 295. What is the remainder when h is divided by 10?
0
Let h(a) = a**3 - 2*a**2 + 7*a + 42. Let l be h(6). Calculate the remainder when l + (-2 - (-4 - -5 - 1)) is divided by 23.
19
Let y(w) = 35*w + 147. What is the remainder when 1245 is divided by y(-4)?
6
Suppose 0 = 8*c - 12*c + 360. Let y = c - 182. What is the remainder when 68 is divided by (-4)/18 - y/9?
8
Let k(v) = -v**2 + 18*v + 21. Let r be k(19). Suppose r*d = -2*y + 156, -2*y - d + 324 = 2*y. Calculate the remainder when y is divided by 21.
19
Suppose -t - t + 26 = 4*w, 0 = -4*t + 2*w + 32. Let a(p) = p**3 - 10*p**2 + 15*p + 9. What is the remainder when a(t) is divided by 24?
15
Suppose 26*n = 53*n - 20*n - 13139. What is the remainder when n is divided by 40?
37
Let u = -446 - -451. What is the remainder when 77 is divided by 10/25 - (-203)/u?
36
Suppose 116*p - 1101 = 113*p + 3*m, 3*m + 359 = p. Calculate the remainder when 744 is divided by p.
2
Let t(a) = 6*a**2 + 1455*a + 813. Let c(k) = 3*k**3 - 6 - 3*k**2 + 0*k**3 - 2*k**3 + 5*k. Calculate the remainder when t(-242) is divided by c(4).
27
Let a(o) = -3*o + 334. Calculate the remainder when a(9) is divided by 43.
6
Suppose 22*a - 43 = 23. Suppose -5*t + a*t = -28. What is the remainder when 52 is divided by t?
10
Suppose -3*d + 5 = x, 0 = -d + 2*d + x + 1. Suppose -y + 3*b = -3 - 4, -4*b - 16 = 0. What is the remainder when (y + 1 - -16) + d is divided by 9?
6
Suppose -562*h